{"id":159,"date":"2023-08-15T17:19:48","date_gmt":"2023-08-15T17:19:48","guid":{"rendered":"https:\/\/tics.voaxaca.tecnm.mx\/?page_id=159"},"modified":"2024-09-23T20:42:34","modified_gmt":"2024-09-23T20:42:34","slug":"hackatecnm","status":"publish","type":"page","link":"https:\/\/tics.voaxaca.tecnm.mx\/index.php\/hackatecnm\/","title":{"rendered":"Concursos Acad\u00e9micos"},"content":{"rendered":"\n<h1>Periodo Agosto-Diciembre 2024<\/h1>\n<h2>\u00a0<\/h2>\n<div id='gallery-1' class='gallery galleryid-159 gallery-columns-1 gallery-size-full'><figure class='gallery-item'>\n\t\t\t<div class='gallery-icon landscape'>\n\t\t\t\t<a href='https:\/\/tics.voaxaca.tecnm.mx\/index.php\/hackatecnm\/whatsapp-image-2024-09-23-at-10-31-00-am\/'><img loading=\"lazy\" decoding=\"async\" width=\"2560\" height=\"1836\" src=\"https:\/\/tics.voaxaca.tecnm.mx\/wp-content\/uploads\/2024\/09\/WhatsApp-Image-2024-09-23-at-10.31.00-AM-scaled.jpeg\" class=\"attachment-full size-full\" alt=\"\" srcset=\"https:\/\/tics.voaxaca.tecnm.mx\/wp-content\/uploads\/2024\/09\/WhatsApp-Image-2024-09-23-at-10.31.00-AM-scaled.jpeg 2560w, https:\/\/tics.voaxaca.tecnm.mx\/wp-content\/uploads\/2024\/09\/WhatsApp-Image-2024-09-23-at-10.31.00-AM-300x215.jpeg 300w, https:\/\/tics.voaxaca.tecnm.mx\/wp-content\/uploads\/2024\/09\/WhatsApp-Image-2024-09-23-at-10.31.00-AM-1024x735.jpeg 1024w, https:\/\/tics.voaxaca.tecnm.mx\/wp-content\/uploads\/2024\/09\/WhatsApp-Image-2024-09-23-at-10.31.00-AM-768x551.jpeg 768w, https:\/\/tics.voaxaca.tecnm.mx\/wp-content\/uploads\/2024\/09\/WhatsApp-Image-2024-09-23-at-10.31.00-AM-1536x1102.jpeg 1536w, https:\/\/tics.voaxaca.tecnm.mx\/wp-content\/uploads\/2024\/09\/WhatsApp-Image-2024-09-23-at-10.31.00-AM-2048x1469.jpeg 2048w\" sizes=\"auto, (max-width: 2560px) 100vw, 2560px\" \/><\/a>\n\t\t\t<\/div><\/figure>\n\t\t<\/div>\n\n<h2>INNOVATECNM<\/h2>\n<h3>Etapa Regional<\/h3>\n<p><strong>Binni Lul\u00e1:\u00a0<\/strong>De la categor\u00eda de industrias creativas obtienen su pase a la fase Nacional del InnovaTecNM 2024 a celebrarse en Ciudad Madero Tamaulipas.<\/p>\n<table style=\"border-collapse: collapse; width: 100%;\">\n<tbody>\n<tr>\n<td style=\"width: 50%;\">\n<p>Autores:<\/p>\n<p>Edson Osmar L\u00f3pez Ramos<\/p>\n<p>Jes\u00fas Iv\u00e1n Hern\u00e1ndez Garc\u00eda\u00a0<\/p>\n<p>Emmanuel Alejandro Ambrocio Noriega<\/p>\n<p>Dulce Mar\u00eda L\u00f3pez Pacheco<\/p>\n<\/td>\n<td style=\"width: 50%;\">\n<p>Asesores:<\/p>\n<p>Ambrosio Cardoso Jim\u00e9nez<\/p>\n<p>Claudia Victoria Santiago Salinas<\/p>\n<\/td>\n<\/tr>\n<\/tbody>\n<\/table>\n\n\n\n<figure class=\"wp-block-image size-large is-resized\"><img loading=\"lazy\" decoding=\"async\" width=\"1024\" height=\"768\" src=\"https:\/\/tics.voaxaca.tecnm.mx\/wp-content\/uploads\/2023\/08\/1-1024x768.jpg\" alt=\"\" class=\"wp-image-165\" style=\"width:840px;height:630px\" srcset=\"https:\/\/tics.voaxaca.tecnm.mx\/wp-content\/uploads\/2023\/08\/1-1024x768.jpg 1024w, https:\/\/tics.voaxaca.tecnm.mx\/wp-content\/uploads\/2023\/08\/1-300x225.jpg 300w, https:\/\/tics.voaxaca.tecnm.mx\/wp-content\/uploads\/2023\/08\/1-768x576.jpg 768w, https:\/\/tics.voaxaca.tecnm.mx\/wp-content\/uploads\/2023\/08\/1-1536x1152.jpg 1536w, https:\/\/tics.voaxaca.tecnm.mx\/wp-content\/uploads\/2023\/08\/1-360x270.jpg 360w, https:\/\/tics.voaxaca.tecnm.mx\/wp-content\/uploads\/2023\/08\/1-80x60.jpg 80w, https:\/\/tics.voaxaca.tecnm.mx\/wp-content\/uploads\/2023\/08\/1.jpg 1600w\" sizes=\"auto, (max-width: 1024px) 100vw, 1024px\" \/><\/figure>\n\n\n\n<h2 class=\"wp-block-heading\">HackaTecNM ITVO 2023<\/h2>\n\n\n\n<p>El TecNM Campus Valle de Oaxaca llev\u00f3 a cabo el evento HackatecNM 2023 el cual tuvo como objetivo desarrollar y proponer soluciones innovadoras a problem\u00e1ticas definidas por empresas p\u00fablicas y privadas, en un encuentro de equipos multidisciplinarios de estudiantes, que trabajaron de manera colaborativa durante 24 horas continuas; aplicando tecnolog\u00edas de vanguardia que permitan generar la mejor soluci\u00f3n a la problem\u00e1tica planteada.<\/p>\n\n\n\n<figure class=\"wp-block-gallery has-nested-images columns-default is-cropped wp-block-gallery-1 is-layout-flex wp-block-gallery-is-layout-flex\">\n<figure class=\"wp-block-image size-large\"><img loading=\"lazy\" decoding=\"async\" width=\"1600\" height=\"1200\" data-id=\"172\" src=\"https:\/\/tics.voaxaca.tecnm.mx\/wp-content\/uploads\/2023\/08\/8-1024x768.jpg\" alt=\"\" class=\"wp-image-172\" srcset=\"https:\/\/tics.voaxaca.tecnm.mx\/wp-content\/uploads\/2023\/08\/8-1024x768.jpg 1024w, https:\/\/tics.voaxaca.tecnm.mx\/wp-content\/uploads\/2023\/08\/8-300x225.jpg 300w, https:\/\/tics.voaxaca.tecnm.mx\/wp-content\/uploads\/2023\/08\/8-768x576.jpg 768w, https:\/\/tics.voaxaca.tecnm.mx\/wp-content\/uploads\/2023\/08\/8-1536x1152.jpg 1536w, https:\/\/tics.voaxaca.tecnm.mx\/wp-content\/uploads\/2023\/08\/8-360x270.jpg 360w, https:\/\/tics.voaxaca.tecnm.mx\/wp-content\/uploads\/2023\/08\/8-80x60.jpg 80w, https:\/\/tics.voaxaca.tecnm.mx\/wp-content\/uploads\/2023\/08\/8.jpg 1600w\" sizes=\"auto, (max-width: 1600px) 100vw, 1600px\" \/><\/figure>\n\n\n\n<figure class=\"wp-block-image size-large\"><img loading=\"lazy\" decoding=\"async\" width=\"1024\" height=\"768\" data-id=\"173\" src=\"https:\/\/tics.voaxaca.tecnm.mx\/wp-content\/uploads\/2023\/08\/11-1024x768.jpg\" alt=\"\" class=\"wp-image-173\" srcset=\"https:\/\/tics.voaxaca.tecnm.mx\/wp-content\/uploads\/2023\/08\/11-1024x768.jpg 1024w, https:\/\/tics.voaxaca.tecnm.mx\/wp-content\/uploads\/2023\/08\/11-300x225.jpg 300w, https:\/\/tics.voaxaca.tecnm.mx\/wp-content\/uploads\/2023\/08\/11-768x576.jpg 768w, https:\/\/tics.voaxaca.tecnm.mx\/wp-content\/uploads\/2023\/08\/11-1536x1152.jpg 1536w, https:\/\/tics.voaxaca.tecnm.mx\/wp-content\/uploads\/2023\/08\/11-360x270.jpg 360w, https:\/\/tics.voaxaca.tecnm.mx\/wp-content\/uploads\/2023\/08\/11-80x60.jpg 80w, https:\/\/tics.voaxaca.tecnm.mx\/wp-content\/uploads\/2023\/08\/11.jpg 1600w\" sizes=\"auto, (max-width: 1024px) 100vw, 1024px\" \/><\/figure>\n\n\n\n<figure class=\"wp-block-image size-large\"><img loading=\"lazy\" decoding=\"async\" width=\"1024\" height=\"768\" data-id=\"171\" src=\"https:\/\/tics.voaxaca.tecnm.mx\/wp-content\/uploads\/2023\/08\/7-1024x768.jpg\" alt=\"\" class=\"wp-image-171\" srcset=\"https:\/\/tics.voaxaca.tecnm.mx\/wp-content\/uploads\/2023\/08\/7-1024x768.jpg 1024w, https:\/\/tics.voaxaca.tecnm.mx\/wp-content\/uploads\/2023\/08\/7-300x225.jpg 300w, https:\/\/tics.voaxaca.tecnm.mx\/wp-content\/uploads\/2023\/08\/7-768x576.jpg 768w, https:\/\/tics.voaxaca.tecnm.mx\/wp-content\/uploads\/2023\/08\/7-1536x1152.jpg 1536w, https:\/\/tics.voaxaca.tecnm.mx\/wp-content\/uploads\/2023\/08\/7-360x270.jpg 360w, https:\/\/tics.voaxaca.tecnm.mx\/wp-content\/uploads\/2023\/08\/7-80x60.jpg 80w, https:\/\/tics.voaxaca.tecnm.mx\/wp-content\/uploads\/2023\/08\/7.jpg 1600w\" sizes=\"auto, (max-width: 1024px) 100vw, 1024px\" \/><\/figure>\n<\/figure>\n\n\n\n<p>Los proyectos presentaron una soluci\u00f3n tecnol\u00f3gica para resolver una problem\u00e1tica en las siguientes categor\u00edas:<\/p>\n\n\n\n<p>A.  La primera categor\u00eda fue movilidad, con las vertientes de accesibilidad (soluciones para personas con discapacidad y adultos mayores) y transporte social.<\/p>\n\n\n\n<p>B.  La segunda \u00e1rea fue innovaci\u00f3n social en manejo de residuos y reciclaje.<\/p>\n\n\n\n<figure class=\"wp-block-gallery has-nested-images columns-default is-cropped wp-block-gallery-2 is-layout-flex wp-block-gallery-is-layout-flex\">\n<figure class=\"wp-block-image size-large\"><img loading=\"lazy\" decoding=\"async\" width=\"1024\" height=\"768\" data-id=\"170\" src=\"https:\/\/tics.voaxaca.tecnm.mx\/wp-content\/uploads\/2023\/08\/6-1024x768.jpg\" alt=\"\" class=\"wp-image-170\" srcset=\"https:\/\/tics.voaxaca.tecnm.mx\/wp-content\/uploads\/2023\/08\/6-1024x768.jpg 1024w, https:\/\/tics.voaxaca.tecnm.mx\/wp-content\/uploads\/2023\/08\/6-300x225.jpg 300w, https:\/\/tics.voaxaca.tecnm.mx\/wp-content\/uploads\/2023\/08\/6-768x576.jpg 768w, https:\/\/tics.voaxaca.tecnm.mx\/wp-content\/uploads\/2023\/08\/6-1536x1152.jpg 1536w, https:\/\/tics.voaxaca.tecnm.mx\/wp-content\/uploads\/2023\/08\/6-360x270.jpg 360w, https:\/\/tics.voaxaca.tecnm.mx\/wp-content\/uploads\/2023\/08\/6-80x60.jpg 80w, https:\/\/tics.voaxaca.tecnm.mx\/wp-content\/uploads\/2023\/08\/6.jpg 1600w\" sizes=\"auto, (max-width: 1024px) 100vw, 1024px\" \/><\/figure>\n\n\n\n<figure class=\"wp-block-image size-large\"><img loading=\"lazy\" decoding=\"async\" width=\"1024\" height=\"768\" data-id=\"168\" src=\"https:\/\/tics.voaxaca.tecnm.mx\/wp-content\/uploads\/2023\/08\/4-1024x768.jpg\" alt=\"\" class=\"wp-image-168\" srcset=\"https:\/\/tics.voaxaca.tecnm.mx\/wp-content\/uploads\/2023\/08\/4-1024x768.jpg 1024w, https:\/\/tics.voaxaca.tecnm.mx\/wp-content\/uploads\/2023\/08\/4-300x225.jpg 300w, https:\/\/tics.voaxaca.tecnm.mx\/wp-content\/uploads\/2023\/08\/4-768x576.jpg 768w, https:\/\/tics.voaxaca.tecnm.mx\/wp-content\/uploads\/2023\/08\/4-1536x1152.jpg 1536w, https:\/\/tics.voaxaca.tecnm.mx\/wp-content\/uploads\/2023\/08\/4-360x270.jpg 360w, https:\/\/tics.voaxaca.tecnm.mx\/wp-content\/uploads\/2023\/08\/4-80x60.jpg 80w, https:\/\/tics.voaxaca.tecnm.mx\/wp-content\/uploads\/2023\/08\/4.jpg 1600w\" sizes=\"auto, (max-width: 1024px) 100vw, 1024px\" \/><\/figure>\n\n\n\n<figure class=\"wp-block-image size-large\"><img loading=\"lazy\" decoding=\"async\" width=\"1024\" height=\"768\" data-id=\"167\" src=\"https:\/\/tics.voaxaca.tecnm.mx\/wp-content\/uploads\/2023\/08\/3-1024x768.jpg\" alt=\"\" class=\"wp-image-167\" srcset=\"https:\/\/tics.voaxaca.tecnm.mx\/wp-content\/uploads\/2023\/08\/3-1024x768.jpg 1024w, https:\/\/tics.voaxaca.tecnm.mx\/wp-content\/uploads\/2023\/08\/3-300x225.jpg 300w, https:\/\/tics.voaxaca.tecnm.mx\/wp-content\/uploads\/2023\/08\/3-768x576.jpg 768w, https:\/\/tics.voaxaca.tecnm.mx\/wp-content\/uploads\/2023\/08\/3-1536x1152.jpg 1536w, https:\/\/tics.voaxaca.tecnm.mx\/wp-content\/uploads\/2023\/08\/3-360x270.jpg 360w, https:\/\/tics.voaxaca.tecnm.mx\/wp-content\/uploads\/2023\/08\/3-80x60.jpg 80w, https:\/\/tics.voaxaca.tecnm.mx\/wp-content\/uploads\/2023\/08\/3.jpg 1600w\" sizes=\"auto, (max-width: 1024px) 100vw, 1024px\" \/><\/figure>\n<\/figure>\n\n\n\n<p>El equipo ganador est\u00e1 integrado por:<\/p>\n\n\n\n<ol class=\"wp-block-list\">\n<li><strong>Mois\u00e9s Carrasco L\u00f3pez&nbsp;&nbsp;&nbsp;&nbsp;&nbsp;&nbsp;&nbsp;&nbsp;&nbsp;&nbsp;&nbsp;&nbsp;&nbsp;&nbsp;&nbsp;&nbsp;&nbsp;&nbsp;&nbsp;&nbsp;&nbsp;                Ing. Inform\u00e1tica<\/strong><\/li>\n\n\n\n<li><strong>Sandra Lily Santiago Vel\u00e1zquez&nbsp;&nbsp;&nbsp;&nbsp;&nbsp;&nbsp;&nbsp;                Ing. Inform\u00e1tica<\/strong><\/li>\n\n\n\n<li><strong>Juan Carlos Villarreal Cruz&nbsp;&nbsp;&nbsp;&nbsp;&nbsp;&nbsp;&nbsp;&nbsp;&nbsp;&nbsp;&nbsp;&nbsp;&nbsp;&nbsp;&nbsp;&nbsp;                Ing. Inform\u00e1tica<\/strong><\/li>\n\n\n\n<li>Araceli Garc\u00eda Garc\u00eda&nbsp;&nbsp;&nbsp;&nbsp;&nbsp;&nbsp;&nbsp;&nbsp;&nbsp;&nbsp;&nbsp;&nbsp;                                        Lic. Biolog\u00eda<\/li>\n\n\n\n<li>Evelyn Abril Carlos Fern\u00e1ndez&nbsp;&nbsp;&nbsp;&nbsp;&nbsp;&nbsp;&nbsp;&nbsp;&nbsp;&nbsp;                 Lic. Biolog\u00eda<\/li>\n<\/ol>\n\n\n\n<p>Su asesor: Rodolfo Esteban Ibarra Orozco<\/p>\n\n\n\n<figure class=\"wp-block-gallery has-nested-images columns-default is-cropped wp-block-gallery-3 is-layout-flex wp-block-gallery-is-layout-flex\">\n<figure class=\"wp-block-image size-large\"><img loading=\"lazy\" decoding=\"async\" width=\"1024\" height=\"768\" data-id=\"166\" src=\"https:\/\/tics.voaxaca.tecnm.mx\/wp-content\/uploads\/2023\/08\/2-1024x768.jpg\" alt=\"\" class=\"wp-image-166\" srcset=\"https:\/\/tics.voaxaca.tecnm.mx\/wp-content\/uploads\/2023\/08\/2-1024x768.jpg 1024w, https:\/\/tics.voaxaca.tecnm.mx\/wp-content\/uploads\/2023\/08\/2-300x225.jpg 300w, https:\/\/tics.voaxaca.tecnm.mx\/wp-content\/uploads\/2023\/08\/2-768x576.jpg 768w, https:\/\/tics.voaxaca.tecnm.mx\/wp-content\/uploads\/2023\/08\/2-1536x1152.jpg 1536w, https:\/\/tics.voaxaca.tecnm.mx\/wp-content\/uploads\/2023\/08\/2-360x270.jpg 360w, https:\/\/tics.voaxaca.tecnm.mx\/wp-content\/uploads\/2023\/08\/2-80x60.jpg 80w, https:\/\/tics.voaxaca.tecnm.mx\/wp-content\/uploads\/2023\/08\/2.jpg 1600w\" sizes=\"auto, (max-width: 1024px) 100vw, 1024px\" \/><\/figure>\n\n\n\n<figure class=\"wp-block-image size-large\"><img loading=\"lazy\" decoding=\"async\" width=\"1024\" height=\"768\" data-id=\"169\" src=\"https:\/\/tics.voaxaca.tecnm.mx\/wp-content\/uploads\/2023\/08\/5-1024x768.jpg\" alt=\"\" class=\"wp-image-169\" srcset=\"https:\/\/tics.voaxaca.tecnm.mx\/wp-content\/uploads\/2023\/08\/5-1024x768.jpg 1024w, https:\/\/tics.voaxaca.tecnm.mx\/wp-content\/uploads\/2023\/08\/5-300x225.jpg 300w, https:\/\/tics.voaxaca.tecnm.mx\/wp-content\/uploads\/2023\/08\/5-768x576.jpg 768w, https:\/\/tics.voaxaca.tecnm.mx\/wp-content\/uploads\/2023\/08\/5-1536x1152.jpg 1536w, https:\/\/tics.voaxaca.tecnm.mx\/wp-content\/uploads\/2023\/08\/5-360x270.jpg 360w, https:\/\/tics.voaxaca.tecnm.mx\/wp-content\/uploads\/2023\/08\/5-80x60.jpg 80w, https:\/\/tics.voaxaca.tecnm.mx\/wp-content\/uploads\/2023\/08\/5.jpg 1600w\" sizes=\"auto, (max-width: 1024px) 100vw, 1024px\" \/><\/figure>\n<\/figure>\n\n\n\n<h2 class=\"wp-block-heading\">Convocatoria<\/h2>\n\n\n\n<p><strong>Objetivo General<\/strong>:<\/p>\n\n\n\n<p class=\"has-text-align-left\">Desarrollar y proponer soluciones innovadoras a problem\u00e1ticas definidas por empresas p\u00fablicas y privadas, en un encuentro de equipos multidisciplinarios de estudiantes, que trabajar\u00e1n de manera colaborativa durante 36 horas continuas; aplicando tecnolog\u00edas de vanguardia que permitan generar la mejor soluci\u00f3n a la problem\u00e1tica planteada. De acuerdo con las siguientes:<\/p>\n\n\n\n<p><strong>BASES DE PARTICIPACI\u00d3N:<\/strong><\/p>\n\n\n\n<p><strong>II. A) Participantes<\/strong><\/p>\n\n\n\n<p><strong>Etapa local<\/strong><\/p>\n\n\n\n<p>Podr\u00e1n participar las y los estudiantes del Instituto Tecnol\u00f3gico del Valle de Oaxaca (ITVO), de nivel licenciatura que cumplan con los siguientes requisitos:<\/p>\n\n\n\n<ul class=\"wp-block-list\">\n<li>Deber\u00e1n estar inscritos oficialmente al momento de su registro. <\/li>\n\n\n\n<li>Los equipos deber\u00e1n ser multidisciplinarios y estar conformados por un m\u00ednimo de tres y un m\u00e1ximo de cinco estudiantes de las diferentes carreras, ofertadas en el Instituto Tecnol\u00f3gico de origen, y deber\u00e1n ser apoyados por un docente asesor. <\/li>\n\n\n\n<li>Los equipos se integrar\u00e1n de forma equitativa, mediante la inclusi\u00f3n de hombres y mujeres.<\/li>\n<\/ul>\n\n\n\n<p>Las y los integrantes de los equipos participantes deber\u00e1n privilegiar el siguiente perfil:<\/p>\n\n\n\n<ul class=\"wp-block-list\">\n<li>Programaci\u00f3n (desarrollo de c\u00f3digo en diferentes lenguajes)<\/li>\n\n\n\n<li>An\u00e1lisis de informaci\u00f3n<\/li>\n\n\n\n<li>Procesos industriales, dise\u00f1o industrial y de circuitos<\/li>\n\n\n\n<li>Desarrollo de sistemas mecatr\u00f3nicos<\/li>\n\n\n\n<li>Electr\u00f3nica y automatizaci\u00f3n<\/li>\n\n\n\n<li>Conocimientos y habilidades ingenieriles.<\/li>\n\n\n\n<li>Emprendimiento y desarrollo de modelos de negocios<\/li>\n\n\n\n<li>Expresi\u00f3n oral<\/li>\n\n\n\n<li>Actitud creativa<\/li>\n<\/ul>\n\n\n\n<p><strong>Etapa Regional<\/strong><\/p>\n\n\n\n<p>Podr\u00e1n participar las y los estudiantes del Tecnol\u00f3gico Nacional de M\u00e9xico (TecNM), de nivel licenciatura ganadores de la Etapa Local. o Deber\u00e1n estar inscritos oficialmente al momento de su registro. o Los equipos deber\u00e1n ser multidisciplinarios y estar conformados por un m\u00ednimo de tres y un m\u00e1ximo de cinco estudiantes de las diferentes carreras, ofertadas en el Instituto Tecnol\u00f3gico de origen, y deber\u00e1n ser apoyados por un docente asesor. o Los equipos se integrar\u00e1n de forma equitativa, mediante la inclusi\u00f3n de hombres y mujeres. o Las y los integrantes de los equipos participantes deber\u00e1n privilegiar el siguiente perfil:<\/p>\n\n\n\n<ul class=\"wp-block-list\">\n<li>Programaci\u00f3n (desarrollo de c\u00f3digo en diferentes lenguajes)<\/li>\n\n\n\n<li>An\u00e1lisis de informaci\u00f3n<\/li>\n\n\n\n<li>Procesos industriales, dise\u00f1o industrial y de circuitos<\/li>\n\n\n\n<li>Desarrollo de sistemas mecatr\u00f3nicos<\/li>\n\n\n\n<li>Electr\u00f3nica y automatizaci\u00f3n<\/li>\n\n\n\n<li>Conocimientos y habilidades ingenieriles<\/li>\n\n\n\n<li>Emprendimiento y desarrollo de modelos de negocios<\/li>\n\n\n\n<li>Expresi\u00f3n oral<\/li>\n\n\n\n<li>Actitud creativa<\/li>\n<\/ul>\n","protected":false},"excerpt":{"rendered":"<p>Periodo Agosto-Diciembre 2024 \u00a0 INNOVATECNM Etapa Regional Binni Lul\u00e1:\u00a0De la categor\u00eda de industrias creativas obtienen su pase a la fase Nacional del InnovaTecNM 2024 a celebrarse en Ciudad Madero Tamaulipas. [&hellip;]<\/p>\n","protected":false},"author":2,"featured_media":0,"parent":0,"menu_order":0,"comment_status":"closed","ping_status":"closed","template":"","meta":{"footnotes":""},"class_list":["post-159","page","type-page","status-publish","hentry"],"_links":{"self":[{"href":"https:\/\/tics.voaxaca.tecnm.mx\/index.php\/wp-json\/wp\/v2\/pages\/159","targetHints":{"allow":["GET"]}}],"collection":[{"href":"https:\/\/tics.voaxaca.tecnm.mx\/index.php\/wp-json\/wp\/v2\/pages"}],"about":[{"href":"https:\/\/tics.voaxaca.tecnm.mx\/index.php\/wp-json\/wp\/v2\/types\/page"}],"author":[{"embeddable":true,"href":"https:\/\/tics.voaxaca.tecnm.mx\/index.php\/wp-json\/wp\/v2\/users\/2"}],"replies":[{"embeddable":true,"href":"https:\/\/tics.voaxaca.tecnm.mx\/index.php\/wp-json\/wp\/v2\/comments?post=159"}],"version-history":[{"count":5,"href":"https:\/\/tics.voaxaca.tecnm.mx\/index.php\/wp-json\/wp\/v2\/pages\/159\/revisions"}],"predecessor-version":[{"id":402,"href":"https:\/\/tics.voaxaca.tecnm.mx\/index.php\/wp-json\/wp\/v2\/pages\/159\/revisions\/402"}],"wp:attachment":[{"href":"https:\/\/tics.voaxaca.tecnm.mx\/index.php\/wp-json\/wp\/v2\/media?parent=159"}],"curies":[{"name":"wp","href":"https:\/\/api.w.org\/{rel}","templated":true}]}}